 - w = -6*w + 20. Let h(b) = -b**2 - 2*b + 5. Calculate h(t).
-10
Let l(y) = 6*y**2 + y. Suppose -16 = -4*v + 5*r - 0*r, 0 = 3*r + 12. Give l(v).
5
Suppose 0 = -6*x + 10*x + 28. Let c(p) = -p**3 - 8*p**2 - 7*p - 6. What is c(x)?
-6
Suppose 4 = f - 0. Let v(r) = 6 - f - 7*r**2 + 8*r**2 - 5*r. Give v(2).
-4
Let h(m) = -3*m - 7. Let c = 14 + -20. What is h(c)?
11
Let o(g) = -g**3 - 12*g**2 - 2*g + 1. Let h(j) = -j**2 + j + 1. Let u(m) = 5*h(m) - o(m). Give u(-6).
-2
Suppose 2*k = 2, 4*l + 2*k - 7 = 7. Suppose -t + 13 = 5*z - 2*z, -z + l = -t. Let d(y) = -3*y + 3. Determine d(z).
-9
Let b(r) = -3*r**3 + 2*r**2 - 2*r + 4. Let d(i) = 7*i**3 - 5*i**2 + 4*i - 9. Let k(c) = 9*b(c) + 4*d(c). What is k(2)?
-4
Let l(y) = 2*y**2 - 5*y + 4. Let g be 1 + 3/((-3)/(-2)). Let r(d) = d**2 - 3*d - 2. Let b be r(g). Let v be -3*(-3)/(-6)*b. Determine l(v).
7
Suppose 4 = -2*g + 6*g. Let s be (g/(-2))/((-2)/4). Let d(a) = -a + 1. What is d(s)?
0
Let l(y) be the first derivative of y**5/15 - y**4/12 + y**3/6 + y**2 - 1. Let v(c) be the second derivative of l(c). Let h = -2 + 3. Calculate v(h).
3
Let l(f) = 3*f + 3. Let w be 14/(-8) + 5/(-20). Determine l(w).
-3
Let r(c) be the second derivative of 3*c**5/10 - c**3/6 + 7*c. Give r(-1).
-5
Suppose 0 = -5*q + 10, 0 = -z - 0*z - 2*q + 7. Let y(j) = -z + 3*j - 6*j + j + 8. Determine y(4).
-3
Let r(m) be the first derivative of 3 - 6*m - 4*m**2 - 1/3*m**3. What is r(-5)?
9
Let f = 1 + 0. Let b(a) be the second derivative of -a**4/12 + a**2/2 - 2*a. Calculate b(f).
0
Let d(s) = s**2 - 13*s - 7. Let c be d(14). Let j(x) = x**3 - 7*x**2 - x - 1. What is j(c)?
-8
Suppose 3*f + 3 = 2*j, -19 + 4 = 4*j + f. Let n(s) = s**3 + 3*s**2 + 4. Determine n(j).
4
Suppose -i = -3*k - 9, 2*k - 27 = -5*i - k. Let j(p) be the second derivative of 0 - 7/2*p**2 + 1/6*p**3 + 4*p. What is j(i)?
-1
Suppose -4 = -x, 17 = -3*h + x + 4. Let y(z) = -z**2 - 5*z - 3. Let r be y(h). Let k(d) = 5*d + 5*d**2 - 3*d**2 - 3*d**2. What is k(r)?
6
Suppose 77 + 3 = 4*r. Let b be (48/r + -2)*-10. Let t(q) = -q - 5. Determine t(b).
-1
Let j(v) be the second derivative of 3/2*v**3 + 2*v - 3/2*v**2 + 0 + 1/24*v**4. Let b(s) be the first derivative of j(s). Give b(-5).
4
Let i be (-21)/(-6)*(1 + 1). Suppose c + i = -4*s, -17 = 5*s + 4*c - 0*c. Let r(k) = 7*k**3 + k**2 - k - 1. What is r(s)?
-6
Let k(x) = -x. Let g = 54 + -34. Suppose 2*i - 25 = -5*d, 5*d - g = d + 4*i. Suppose -15 = -5*h + d. Calculate k(h).
-4
Suppose -2*d + 8 = -0*d. Suppose 4*n + 10 = 2*w - d*w, 4*n - 11 = 5*w. Let s(o) be the first derivative of -3*o**4/4 + o**2/2 - 1. Calculate s(n).
2
Let c(u) = -u - 2. Let w be c(-2). Let m(q) be the first derivative of 1/2*q**2 - q - 1/3*q**3 - 2. Determine m(w).
-1
Suppose 0 = -5*t - 0*d - 5*d + 35, 0 = -4*t + 2*d + 4. Let v(h) = -7 + 0 - 2*h**2 - h**t + 5. Calculate v(-2).
-2
Let c(k) = -3*k - 12. Let b(t) = -4*t - 12. Let y(s) = -4*b(s) + 5*c(s). What is y(11)?
-1
Let c(n) be the first derivative of n**4/6 - 5*n**3/6 - 7*n**2/2 - 7. Let u(r) be the second derivative of c(r). Calculate u(4).
11
Suppose 0*t - 22 = -4*t - 2*s, -2*s - 20 = -3*t. Let x(y) = y**3 - 7*y**2 + 7*y + 3. Calculate x(t).
9
Let q(p) be the first derivative of -7*p**4/4 + p**3/3 - p**2/2 + 6. Let h(z) = -z**2 + 8*z - 6. Let t be h(7). Determine q(t).
-7
Let l(t) = -4*t - 1. Suppose -x = 2*h - 13 + 44, 0 = 2*x - 10. Let z be ((-2)/(-3))/(12/h). Determine l(z).
3
Let z(v) = 2*v + 2. Suppose -4*w + 45 = 4*c - 9*w, 0 = 5*c + 2*w - 15. Suppose 0 = -c*s + 20. Determine z(s).
10
Let x(l) = -5*l**2 - 21*l + 18. Let b(q) = -3*q**2 - 14*q + 12. Let y(w) = -8*b(w) + 5*x(w). Let p be y(6). Let u(k) = -7*k**2 + p*k + 0*k + k. What is u(1)?
-6
Suppose -5*k + 1 = -14. Suppose 5*c - 10 = 3*i, -3*c = -2*i - 0 - 6. Let f(g) = 0*g + 2*g + i*g. Calculate f(k).
6
Let t be (2 + -5 - -5)*23. Let b be t/14 + 4/(-14). Let w(q) = q**3 - 4*q**2 + 4. Determine w(b).
-5
Let m(f) = -f**2 + f + 3. Let h = 11 - 8. Suppose -h*w = -w - 6. Determine m(w).
-3
Let w(j) = 5*j**2 - 6*j - 6. Let c(o) = 14*o**2 - 18*o - 17. Let n(z) = -6*c(z) + 17*w(z). Give n(-5).
-5
Suppose -2*r + 4 = -4. Let w(q) be the second derivative of q**3/6 - q**2 - 13*q. What is w(r)?
2
Let o(m) be the first derivative of m**3/3 - 3*m**2/2 + 2*m + 4. Determine o(2).
0
Let q(w) = w**2 - 6*w + 6. Suppose u = -u + 12. What is q(u)?
6
Let j(m) be the third derivative of m**6/120 + m**5/10 + m**4/24 - 7*m**3/6 + 26*m**2. Give j(-6).
-13
Let h(j) = 2*j - 4. Suppose 4*n = -d + 48, -5*d - 36 = -4*n + 36. Let v(m) = -m + 2. Let g(p) = n*v(p) + 6*h(p). Calculate g(0).
2
Let l(p) be the second derivative of p**5/20 + p**4/2 - 4*p**3/3 + 5*p. Calculate l(-7).
7
Let u(o) = o - 1. Let c(w) = -3*w + 8. Let j(v) = c(v) + 6*u(v). Let a(s) = -4*s**2 + s. Let q be a(1). Give j(q).
-7
Let c(j) = -j**3 - 7*j**2 - 8*j - 4. Let u = -4 + -2. Calculate c(u).
8
Let h(x) = -1. Let a(w) = -2*w - 6. Let t(k) = -a(k) + 3*h(k). Suppose 5 + 4 = j. Let u be 2/9 + 25/j. What is t(u)?
9
Let v(t) = -2*t**2 - 6*t - 2*t**2 + 6 + 5*t**2 + t. Let a be (4/5)/((-20)/(-100)). Determine v(a).
2
Let n(a) = -a + 7. Suppose -2*p + 4*d + 12 = -4*p, 2*p - d = 3. Suppose -k = -p*k. Suppose 2*c - 10 = -k. What is n(c)?
2
Let m(r) be the first derivative of 0*r**3 - r + 1/4*r**4 + r**2 + 1. Suppose -o = 1 - 2. Determine m(o).
2
Suppose 3*s - h = 6, 4*s - 21 = -0*s - 3*h. Let n be 3/((-1)/((-2)/s)). Let m(x) = -5*x - 3 + 3 - x**2 - n. Determine m(-3).
4
Let g(y) = -y + 8. Suppose 7*l - 4*l = -2*t + 2, -4*l + 4*t - 4 = 0. Determine g(l).
8
Suppose 0 = 4*p - 5*i - 3, -2*p - i + 7 = 2*i. Let l(v) = -2*v + 3*v + 2*v - 3*v**2. What is l(p)?
-6
Suppose -2*a - 2*a + 8 = -3*i, -4 = -2*a - 3*i. Let t(o) = 1 + o**3 - 10*o + 5*o**a + 8*o + o. Determine t(-5).
6
Let u(h) = 4*h - h - 2*h + 55 - 46. What is u(-4)?
5
Let b(c) = -c - 2. Let u be -3*(-6)/9 - -2. Suppose -u*m = -m - 3*x - 12, 0 = -2*m - x + 2. Let d be 6/(m - (-3)/(-6)). Calculate b(d).
-6
Let o(w) = -3*w**3 + w**2 + 6*w - 2. Let z(h) = 7*h**3 - h**2 - 13*h + 5. Let j(a) = -5*o(a) - 2*z(a). Give j(4).
0
Suppose 0 = -0*h + 3*h - 15, 5*v + 2*h = 40. Let w(k) be the second derivative of k**5/20 - 5*k**4/12 - 5*k**3/6 + 3*k**2 - 6*k + 7. Determine w(v).
12
Let v(h) = -h**2 - 11*h - 3. Suppose 4*b = 2*n + 3*n - 51, 3*b + 2*n + 21 = 0. Determine v(b).
15
Let y(a) = -11*a - 7. Let j(f) = 13*f + 8. Let d(g) = -6*j(g) - 7*y(g). Give d(9).
-8
Let g(h) be the second derivative of -h**4/12 + h**3 - h. Suppose -4 = -m + i - 2*i, -i = -m + 6. Determine g(m).
5
Let t(a) = a**3 - 4*a**2 + 3*a + 4. Let s be t(3). Suppose s*o - 5*w = 15, 9 + 6 = 2*o - 5*w. Let x(j) = 5*j**2 + j**3 + 3*j - 3*j + o + 5. Determine x(-5).
5
Let s(i) = i**2 - 6*i - 7. Let q be (4 - -3 - 4) + 3. Let y be (q - 0) + 0/(-8). Give s(y).
-7
Let u(k) = 6*k - 8. Let l(j) = j**2 + 5*j. Let c be l(-6). Let r(z) = -5*z + 7. Let a(s) = c*u(s) + 7*r(s). Give a(-4).
-3
Let c(m) = -4*m + 1. Let r(g) = -g - 1. Suppose -s = -4*s - 3. Let o(b) = s*c(b) + 3*r(b). Let y(t) = -2*t**3 + 2*t**2 + t. Let v be y(-1). Give o(v).
-1
Let j be ((-4)/(-5))/((-2)/(-5)). Let t(s) = -s**2 - s + 5. Let y(m) = m**2 + m - 4. Let o(h) = -5*t(h) - 6*y(h). What is o(j)?
-7
Let w(a) = -a**2 + 22*a - 14. Let v be w(21). Let h(t) = -t**3 + 8*t**2 - 10*t + 10. What is h(v)?
-11
Let o(m) = -m**3 - 4*m**2 + 4*m - 1. Let w(g) be the first derivative of g**2/2 + g + 2. Let b be w(-6). Let n be o(b). Let q(c) = c - 3. Give q(n).
1
Let c(m) = 2*m - 5. Let u be 20/6*(-3)/(-2). Let t(z) = 3*z - 9. Let b(q) = u*c(q) - 3*t(q). What is b(-3)?
-1
Let z(r) = -r**3 + r**2 + 4. Let p = -7 + 7. Suppose p = 3*k - 5*c - 49, 35 = 5*k + c - 0*c. Let u be (8 - k)/(2*-1). Calculate z(u).
4
Let m(f) = 5*f**2 - 6*f - 2*f**2 + 5 - 2*f**2. Let y(c) = c**3 + 4*c**2 - 3*c - 8. Let j be y(-4). Calculate m(j).
-3
Let n(j) = 2*j - 2. Let h be (0 - 12)*(-2)/(-6). What is n(h)?
-10
Let p(o) be the first derivative of 8*o - 1 - 3 + 0 - o**2. What is p(6)?
-4
Let g be (0 + 2)/((-1)/(-2)). Let m(r) = 1 + 0*r - r + g*r. Suppose 8 = 4*k + 2*c, -2 = -k - 5*c - 9. What is m(k)?
10
Suppose 14 + 1 = -3*d. Let w(z) = -z**2 - 4*z + 5. Give w(d).
0
Let c(z) = z**3 - 7*z**2 + 6*z - 3. Let u be 3/((-1)/(2/(-1))). What is c(u)?
-3
Let k(x) be the third derivative of 5*x**4/24